e -2*d + v = -78. What is the greatest common divisor of d and 26?
13
Let q = 66 - 31. Calculate the greatest common divisor of q and 5.
5
Suppose 8*d - 75 = 3*d. Let l(s) = 8*s**2 + s. Suppose k - 5*c = 13, 3*c - 6*c = 2*k. Let n be l(k). Calculate the greatest common divisor of d and n.
15
Let o(t) = t - 14. Let d be o(6). Let k be (-42)/d + 2/(-8). Suppose -k*g + 14 = -16. What is the highest common factor of 6 and g?
6
Suppose -5*f - 91 = -6*f. Calculate the greatest common divisor of f and 13.
13
Let u(p) = 3 + 0*p**2 + 2*p - p**2 - 1. Let j be u(2). Let y(m) = -m**2 + 5*m - 2. Let r be y(j). What is the highest common divisor of 6 and r?
2
Let t(v) = v + 30. Let j be t(-22). What is the greatest common factor of 16 and j?
8
Suppose 2*g - 5*g = 4*x - 26, 3*x = -2*g + 20. Let v = 16 - x. What is the greatest common factor of 40 and v?
8
Suppose 2*y + 10 = 0, 0 = l - 0*l + 2*y + 6. Let r = 99 - 71. Calculate the highest common divisor of l and r.
4
Let x = 33 + -31. Suppose 17 = -2*l + 5*a, 16 = -l + 4*a - 0. Suppose 0 = -l*j + x*j + 96. Calculate the greatest common factor of j and 6.
6
Suppose 3*w - 9 = -3*v - 0*w, 4*w = -v + 3. Suppose -2*x + 19 - v = 0. What is the greatest common divisor of 72 and x?
8
Let j be (75/(-20))/(3/(-8)). Suppose 0 = -4*m + i - 0*i + 163, 5*i = -5*m + 185. What is the greatest common divisor of j and m?
10
Let h be -2 - (-2 - (16 + -4)). Calculate the greatest common factor of 8 and h.
4
Let h be 366/8 + 3/(-4). Calculate the highest common factor of h and 18.
9
Let y(v) = -v**3 + 12*v**2 - 10*v + 12. Let n be y(8). What is the highest common divisor of n and 47?
47
Let a = 30 - 13. Let b = -8 + a. What is the highest common factor of b and 6?
3
Suppose 5*j + 175 = 2*x + 2*x, -3*x + 4*j = -132. Calculate the highest common factor of x and 40.
40
Let j(n) = -n**3 + 7*n. Let y be j(-4). What is the highest common divisor of 90 and y?
18
Let s be (-350)/28*(-24)/10. Let h(n) = n**3 - 3*n + 2. Let l be h(3). What is the highest common divisor of s and l?
10
Suppose 0 = -5*u - 27 + 127. Suppose -g + u = 3*g. Suppose -4*m + 61 = g*p, -1 = 2*m + 1. Calculate the highest common divisor of 39 and p.
13
Suppose -3*c = 4*l - 237, 3*c - 4*c = -l + 68. What is the greatest common divisor of l and 9?
9
Let s = -3 - -5. Suppose 3*t = 2*t + 14. Let d = t - 8. Calculate the greatest common divisor of d and s.
2
Let t(i) = 4*i**2 - 12*i + 6. Let r be t(4). What is the greatest common divisor of 110 and r?
22
Let h = -51 + 107. Calculate the highest common divisor of 28 and h.
28
Let j = -161 - 13. Let s be -1*1*j/2. Let n = -12 + 41. Calculate the highest common factor of n and s.
29
Let i = 38 - 33. What is the greatest common factor of i and 10?
5
Suppose -12 = -3*l - 3. Suppose l*b = 5*w + 10, w - 16 = -4*b + 5*w. Let z be ((-2)/4)/(3/(-30)). Calculate the greatest common divisor of b and z.
5
Suppose 3*x = 5*x + 184. Let k be x*((-5)/4 - 0). Calculate the greatest common factor of 46 and k.
23
Let t = -15 + 26. Let u(x) = x**2 - 7*x - 14. Let q be u(t). Suppose 2*a = -2*a + 24. What is the highest common factor of a and q?
6
Suppose 120 = 9*k - 123. What is the highest common divisor of 135 and k?
27
Suppose 14 + 1 = -3*c + 3*s, -s + 37 = -5*c. Let z be (-1)/(1/c*1). Calculate the highest common factor of z and 8.
8
Let l = -12 + 252. Calculate the highest common divisor of 30 and l.
30
Suppose 0 = -6*z - 5*z + 2420. What is the greatest common divisor of z and 20?
20
Let q(i) = i**3 + 3*i**2 - 5*i - 1. Let h be q(-4). Calculate the greatest common factor of h and 33.
3
Suppose y - 3*b = 2*y - 34, b + 72 = 3*y. Calculate the greatest common factor of y and 100.
25
Suppose -x - 13 = -3*w - 3*x, -2*w - 2*x = -12. Suppose 2*k - v - 2 = 0, -5*k = -4*k - 5*v - w. Calculate the greatest common factor of k and 1.
1
Suppose -5*q + 2 = -3. Let l be -4 + q - -45 - 2. Calculate the highest common factor of l and 16.
8
Let y(s) = -45*s - 3. Let z be y(-3). What is the greatest common divisor of 12 and z?
12
Suppose p + 32 - 1 = 2*a, 4*p - 63 = -3*a. What is the highest common divisor of a and 136?
17
Suppose 0 = y - 4 + 3. Let l = y + 4. Let k = -2 + l. Calculate the greatest common factor of k and 15.
3
Let n be (-282)/(-9) - 4/(-6). Suppose 6*y = 3*y. Suppose -2*w - 2*w + 4*k + 16 = y, -5*k = 3*w - 12. What is the highest common divisor of n and w?
4
Let j be (-3)/(-21) + 660/84. Calculate the greatest common divisor of 1 and j.
1
Let s(q) = -4*q**3 - q**2 + 3*q - 1. Let k be s(-2). What is the highest common factor of k and 7?
7
Let q(m) = -73*m - 2. Let h be q(-2). Calculate the highest common factor of h and 24.
24
Let f(s) be the second derivative of 5*s**4/12 - 2*s**3/3 - 7*s**2/2 - 4*s. Let i be f(5). What is the greatest common divisor of i and 14?
14
Let a be (-105)/1*(-1)/(6/4). What is the greatest common divisor of a and 5?
5
Let z be ((-9)/6)/((-2)/44). Let v be (6/10)/((-42)/15 - -3). What is the greatest common factor of v and z?
3
Let g = -5 + 8. Suppose 0 = 5*b - 2 - 3. Suppose c - b = -0. Calculate the greatest common factor of c and g.
1
Let x(y) = -y**3 + 3*y**2 + 5*y. Let j be x(4). Let c be (-2)/j + 45/2. What is the highest common factor of 11 and c?
11
Let g be (-4*(-1)/6)/(2/78). Calculate the highest common factor of 39 and g.
13
Let p be (350/(-6) - 0)*(-10 + 7). Calculate the greatest common factor of p and 35.
35
Suppose 4*k + 9 + 27 = 0. Let g = k - -23. Calculate the greatest common divisor of 21 and g.
7
Let o(y) = 4*y**2 - y**2 + 6*y - 2*y**2 - 7 - 3*y. Let g be o(-5). Let d = -3 + 6. Calculate the greatest common factor of d and g.
3
Let m(v) = v**2 - 13*v + 13. Let b be -1*(-3 - -20)*-1. Suppose 2*q - 7 = b. Let o be m(q). Calculate the greatest common divisor of o and 4.
1
Let f be (-14)/(-35) + 66/10. Calculate the highest common divisor of 35 and f.
7
Let y be (-1)/(-3) + (-762)/(-9). Suppose -23 - y = -6*v. Calculate the highest common factor of 6 and v.
6
Let g = -51 + 53. What is the greatest common factor of 4 and g?
2
Suppose 0 = -2*v + 5*w + 25, 2*w = 5*v + 3*w + 5. Suppose v = -2*u + 6, -4*u + 1 + 1 = -m. Calculate the greatest common factor of 40 and m.
10
Let m(j) = 10*j**2 - 40*j + 40. Let p(r) = 3*r**2 - 13*r + 13. Let f(n) = 2*m(n) - 7*p(n). Let o be f(9). What is the greatest common factor of 63 and o?
7
Suppose 3*b + 13 = -2, -3*y = -5*b - 97. Suppose 27 = -4*n + n. Let f be 16/(-6)*n/4. What is the greatest common divisor of f and y?
6
Let g = -18 + 21. Calculate the highest common factor of 9 and g.
3
Let b be (4/6)/(6/90). What is the highest common factor of 2 and b?
2
Let k(l) = -23*l - 7. Let d be k(-5). Suppose 3*h - 6 = 3. Suppose m = h*m - d. Calculate the greatest common divisor of m and 18.
18
Let z = -435 - -745. Suppose -4*c = 22 - z. Suppose -y + 43 = 2*d - 2*y, -4*y - 100 = -5*d. What is the highest common divisor of c and d?
24
Let m be (1/(3/(-96)))/1. Let p = -81 - m. Let j = p - -81. Calculate the highest common factor of 16 and j.
16
Suppose -224 = 5*j + 2*s - 3*s, 4*j = 4*s - 176. Let y be 56/(-10)*j/18. What is the greatest common divisor of 70 and y?
14
Suppose -15*o = -21*o + 216. Let y = 21 + -12. Calculate the highest common factor of o and y.
9
Suppose 0 = -q - 8 + 19. What is the highest common divisor of q and 99?
11
Suppose -2*w = -4*w - 10. Suppose 0 = i + 12 + 17. Let b = w - i. Calculate the greatest common divisor of 12 and b.
12
Suppose -9 = -n - 31. Let u = -12 - n. What is the highest common divisor of 90 and u?
10
Suppose 2*w - r - 28 = -4*r, 4*w - 3*r = 20. Suppose -5*c + 140 = -0*c. Let a = -16 + c. Calculate the highest common divisor of w and a.
4
Suppose 2*r - 93 = -r. Let l = r - 3. What is the greatest common divisor of 7 and l?
7
Let x(n) = -n + 1. Let w be x(-9). Suppose -3*f + f = -w. Let y = -43 - -83. Calculate the highest common divisor of f and y.
5
Let i(b) = b + 10. Let r be i(-8). Let q be 1*(15 - (-2 + 1)). Calculate the greatest common divisor of q and r.
2
Suppose 15 = 3*t - 21. Let s be -2*(2/4 - -2). Let f(o) = -o**2 - 6*o + 7. Let k be f(s). What is the highest common factor of k and t?
12
Let n(v) = 2*v + 10. Let m be n(-7). Let l be (0 + -2)/(m/50). Let p(g) = g. Let a be p(10). Calculate the greatest common factor 